{"id":843,"date":"2016-03-12T09:13:03","date_gmt":"2016-03-12T09:13:03","guid":{"rendered":"http:\/\/ciudadexpo.com\/ciudad\/?page_id=843"},"modified":"2024-10-14T10:40:46","modified_gmt":"2024-10-14T08:40:46","slug":"administracion-y-servicios","status":"publish","type":"page","link":"https:\/\/ciudadexpo.com\/ciudad\/administracion-y-servicios\/","title":{"rendered":"Administraci\u00f3n y servicios"},"content":{"rendered":"<div class=\"su-tabs su-tabs-style-default su-tabs-mobile-stack\" data-active=\"\" data-scroll-offset=\"0\" data-anchor-in-url=\"no\"><div class=\"su-tabs-nav\"><span class=\"\" data-anchor=\"admon\" data-url=\"\" data-target=\"blank\" tabindex=\"0\" role=\"button\">Administraci\u00f3n<\/span><span class=\"\" data-url=\"\" data-target=\"blank\" tabindex=\"0\" role=\"button\">Jardiner\u00eda<\/span><span class=\"\" data-url=\"\" data-target=\"blank\" tabindex=\"0\" role=\"button\">Control de Accesos<\/span><span class=\"\" data-url=\"\" data-target=\"blank\" tabindex=\"0\" role=\"button\">Limpieza<\/span><span class=\"\" data-url=\"\" data-target=\"blank\" tabindex=\"0\" role=\"button\">Varios<\/span><\/div><div class=\"su-tabs-panes\"><div class=\"su-tabs-pane su-u-clearfix su-u-trim\" data-title=\"Administraci\u00f3n\">\n<p><strong>LUMIPER ASESORES INMOBILIARIOS S. L.<\/strong><\/p>\n<p><i class=\"fa fa-phone\"><\/i> 955 60 00 11<\/p>\n<p><i class=\"fa fa-fax\"><\/i>correo Avisos e Incidencias: mjose@lumiper.com<\/p>\n<p>Administraci\u00f3n: administracion@lumiper.com<\/p>\n<p>Gerencia: pablodelage@lumiper.com ;\u00a0 mariajoseluque@lumiper.com<\/p>\n<p>HORARIO DE OFICINA<\/p>\n<p>Ma\u00f1anas: de lunes a viernes de 8:00 a 15:00 h.<br \/>\nTardes: martes y jueves de 16:00 a 19:00 h.<\/p>\n<p>Para una mayor eficacia de funcionamiento, le rogamos domicilien sus pagos de comunidad.<\/p>\n<p>Los propietarios que lo deseen, pueden realizar sus pagos mediante abono en la cuenta corriente abierta a nombre de la <strong>Macrocomunidad de Propietarios Ciudad Expo:<\/strong><\/p>\n<p><strong>BANCO SABADELL<br \/>\nC. C. Avda de los Descubrimientos<br \/>\n41927- Mairena del Aljarafe. Sevilla<br \/>\nn\u00ba cuenta : ES34-<a>0081-5493-8000-0109-6515 <\/a><\/strong><\/p>\n<p>En este caso, rogamos identifiquen claramente el nombre y apellidos del propietario de la vivienda y la direcci\u00f3n de la misma.<\/p>\n<\/div>\n<div class=\"su-tabs-pane su-u-clearfix su-u-trim\" data-title=\"Jardiner\u00eda\">\nJARDINERIA Y LIMPIEZA DE EXTERIORES (MINUSNATURALEZA)\/TECNICAS ORNAMENTALES Y AGRICOLAS (P-7 Y P-14)<br \/>\nMINUSNATURALEZA:<\/p>\n<p><i class=\"fa fa-phone\"><\/i> 954 40 23 17<\/p>\n<p><i class=\"fa fa-mobile\"><\/i> 646 14 34 10<\/p>\n<p>TECNICAS ORNAMENTALES Y AGRICOLAS<\/p>\n<p>662 14 93 25<\/p>\n<p>Tareas a realizar:<\/p>\n<p>Riegos, siegas, abonados, escardas, cavas y entrecavas, rastrillado, limpieza, recortes, tratamientos fitosanitarios, trazados y perfiles, podas, aclareos, etc.<\/p>\n<p>Limpieza de viales y zonas exteriores.<\/p>\n<div class=\"personal\">Personal: 12 operarios<\/div>\n<p><em>(La estacionalidad inherente a los trabajos de jardiner\u00eda, comporta una dedicaci\u00f3n variable de recursos humanos, en funci\u00f3n de la climatolog\u00eda, lluvias, disponibilidad de agua etc. Por lo tanto, debemos hablar de recursos medio a lo largo de un a\u00f1o).<\/em><br \/>\n<\/div>\n<div class=\"su-tabs-pane su-u-clearfix su-u-trim\" data-title=\"Control de Accesos\">\n<p><i class=\"fa fa-mobile\"><\/i> <strong>CONTROLADORES (CLAYMAN S. L.) 610-745724<\/strong><\/p>\n<p><i class=\"fa fa-mobile\"><\/i> Oficina.- 670-663222\u00a0&#8211;\u00a0658-847333<\/p>\n<p>Control de accesos, informaci\u00f3n en entrada,\u00a0confecci\u00f3n de informes diarios de incidencias, cumplimiento procedimiento de control, actuaciones de emergencia (evacuaci\u00f3n, fuego, etc.).<\/p>\n<div class=\"personal\">\n<p>Personal:<\/p>\n<ul>\n<li>2 Controladores 24 h\/d\u00eda en puestos de control.<\/li>\n<li>1 Controlador con coche.<\/li>\n<\/ul>\n<\/div>\n<\/div>\n<div class=\"su-tabs-pane su-u-clearfix su-u-trim\" data-title=\"Limpieza\">\n<p><i class=\"fa fa-mobile\"><\/i> LIMPIEZA (FERRONOL) 677 40 49 31<\/p>\n<p><i class=\"fa fa-phone\"><\/i> (bloque 89 ANDISUR 954-900502)<\/p>\n<div class=\"personal\">\n<p>Bloques:<\/p>\n<ul>\n<li>2 limpieza semanales del portal<\/li>\n<li>1 limpieza semanal de escalera.<\/li>\n<li>1 limpieza mensual de garaje (barrido y baldeado).<\/li>\n<li>2 limpiezas al a\u00f1o de garajes a fondo con m\u00e1quina de agua a presi\u00f3n (seg\u00fan bloques).<\/li>\n<li>1 limpieza semestral de cubierta (barrido y limpieza de sumideros).<\/li>\n<li>1 abrillantado anual de portal de bloque.<\/li>\n<\/ul>\n<\/div>\n<\/div>\n<div class=\"su-tabs-pane su-u-clearfix su-u-trim\" data-title=\"Varios\">\n<p><strong><u>1.1.- MANTENIMIENTO DE ASCENSORES (OTIS)<\/u><\/strong><\/p>\n<p><i class=\"fa fa-phone\"><\/i> 954 28 65 58<\/p>\n<p>Mantenimiento preventivo y de correcci\u00f3n de aver\u00edas en modalidad todo riesgo y recambios originales.<\/p>\n<p>Personal : 1 oficial especialista 8 h\/d\u00eda y servicio 24 h. de atenci\u00f3n de urgencias.<\/p>\n<p><strong><u>1.2.- SISTEMA DE RED DE TV (SOLCOMNET)<\/u><\/strong><\/p>\n<p><i class=\"fa fa-mobile\"><\/i> 637 88 61 81<\/p>\n<p>Mantenimiento preventivo y de correcci\u00f3n de aver\u00edas de la instalaci\u00f3n de 1.289 viviendas de captaci\u00f3n (v\u00eda sat\u00e9lite y convencional), distribuci\u00f3n (cable coaxial) y tomas de se\u00f1al de TV.<\/p>\n<div class=\"personal\">Personal: Revisiones peri\u00f3dicas y atenci\u00f3n de aver\u00edas en menos de 24 horas.<\/div>\n<p><strong><u>1.3.- PORTEROS AUTOMATICOS (INTERANTENA)<\/u><\/strong><\/p>\n<p><i class=\"fa fa-phone\"><\/i> 954 34 14 52<\/p>\n<p>Mantenimiento preventivo y de correcci\u00f3n de aver\u00edas de la instalaci\u00f3n de Porteros Autom\u00e1ticos de las 1.289 viviendas.<\/p>\n<div class=\"personal\">Personal: Revisiones peri\u00f3dicas y atenci\u00f3n de aver\u00edas en menos de 24 horas para aver\u00edas de bloques y 48 horas para aver\u00edas de viviendas.<\/div>\n<p><strong><u>1.4.- SISTEMA DE PROTECCION CONTRA INCENDIOS (IBEREX)<\/u><\/strong><\/p>\n<p><i class=\"fa fa-mobile\"><\/i> 670 36 88 81<\/p>\n<p>Revisi\u00f3n de la central contra incendios y bocas de incendios del Club Social y extintores de CO2, polvo polivalente instalados en bloques de acuerdo a las normas del real decreto 1942\/1993 de 5 de noviembre, realizado por personal autorizado.<\/p>\n<p><u><strong>1.5.- ALCANTARILLADO (CONLIMA S. L.)<\/strong><\/u><\/p>\n<p><i class=\"fa fa-phone\"><\/i> 954-376662 | 902-076767<\/p>\n<p>Servicio de limpieza de redes de alcantarillado interiores, realizado con m\u00e1quina de agua de alta presi\u00f3n o equipo mixto (impulsi\u00f3n-succi\u00f3n).<\/p>\n<p>Alcances : 2 revisiones al a\u00f1o, adem\u00e1s de la atenci\u00f3n puntual a cualquier atasco que se produzca, con servicio 24 horas.<\/p>\n<p><strong><u>1.6.- DESRATIZACI\u00d3N Y DESINSECTACI\u00d3N (BIOCONTROL)<\/u><\/strong><\/p>\n<p><i class=\"fa fa-phone\"><\/i> 954 680 641<\/p>\n<p>Tratamientos contra ratas, ratones (en el per\u00edmetro de la urbanizaci\u00f3n y s\u00f3tanos garajes) y cucarachas en pozos, arquetas y aquellas zonas que puntualmente lo necesiten.<\/p>\n<p>Tratamientos quincenales contra mosquitos realizados del 15 de Mayo al 15 de Septiembre.<\/p>\n<p>Todos los productos utilizados est\u00e1n debidamente homologados, cumpliendo la reglamentaci\u00f3n T\u00e9cnico Sanitaria.<\/p>\n<div class=\"personal\">Personal: Mensualmente, visita de inspecci\u00f3n, colocaci\u00f3n de cebos, y control de muestras. En verano, en horas nocturnas, tratamientos contra mosquitos.<\/div>\n<\/div><\/div><\/div>\n","protected":false},"excerpt":{"rendered":"","protected":false},"author":1,"featured_media":0,"parent":0,"menu_order":0,"comment_status":"closed","ping_status":"closed","template":"","meta":{"footnotes":""},"class_list":["post-843","page","type-page","status-publish","hentry"],"_links":{"self":[{"href":"https:\/\/ciudadexpo.com\/ciudad\/wp-json\/wp\/v2\/pages\/843","targetHints":{"allow":["GET"]}}],"collection":[{"href":"https:\/\/ciudadexpo.com\/ciudad\/wp-json\/wp\/v2\/pages"}],"about":[{"href":"https:\/\/ciudadexpo.com\/ciudad\/wp-json\/wp\/v2\/types\/page"}],"author":[{"embeddable":true,"href":"https:\/\/ciudadexpo.com\/ciudad\/wp-json\/wp\/v2\/users\/1"}],"replies":[{"embeddable":true,"href":"https:\/\/ciudadexpo.com\/ciudad\/wp-json\/wp\/v2\/comments?post=843"}],"version-history":[{"count":31,"href":"https:\/\/ciudadexpo.com\/ciudad\/wp-json\/wp\/v2\/pages\/843\/revisions"}],"predecessor-version":[{"id":2720,"href":"https:\/\/ciudadexpo.com\/ciudad\/wp-json\/wp\/v2\/pages\/843\/revisions\/2720"}],"wp:attachment":[{"href":"https:\/\/ciudadexpo.com\/ciudad\/wp-json\/wp\/v2\/media?parent=843"}],"curies":[{"name":"wp","href":"https:\/\/api.w.org\/{rel}","templated":true}]}}