{"id":1210,"date":"2016-04-19T00:05:25","date_gmt":"2016-04-19T00:05:25","guid":{"rendered":"http:\/\/ciudadexpo.com\/ciudad\/?page_id=1210"},"modified":"2016-04-19T00:05:25","modified_gmt":"2016-04-19T00:05:25","slug":"instalacion-de-agua-caliente","status":"publish","type":"page","link":"https:\/\/ciudadexpo.com\/ciudad\/instalacion-de-agua-caliente\/","title":{"rendered":"Instalaci\u00f3n de agua caliente"},"content":{"rendered":"<p><strong>Descripci\u00f3n<\/strong><\/p>\n<p>Instalaci\u00f3n interior particular de agua caliente para uso en cocinas y aseos, desde el aparato generador de agua caliente hasta los aparatos de consumo.<\/p>\n<p><strong>Elementos principales de la instalaci\u00f3n<\/strong><\/p>\n<ul>\n<li><strong>Calentador<\/strong>. Elemento para el calentamiento de agua. Puede ser de gas (instant\u00e1neo o acumulador), y el\u00e9ctrico (acumulador).<\/li>\n<li><strong>Canalizaciones<\/strong>. Red de tuber\u00edas que partiendo del calentador alimenta a los distintos puntos de consumo.<\/li>\n<\/ul>\n<p><strong>Uso y conservaci\u00f3n<\/strong><\/p>\n<ul>\n<li>Toda modificaci\u00f3n de la instalaci\u00f3n ser\u00e1 realizada bajo la direcci\u00f3n y estudio previo de T\u00e9cnico competente para ello.<\/li>\n<li>No se utilizar\u00e1n las tuber\u00edas, en ning\u00fan caso, como toma de puesta a tierra de aparatos el\u00e9ctricos.<\/li>\n<li>Es conveniente cerrar la llave de paso de gas del calentador cuando se ausente de la vivienda, as\u00ed como desconectar los calentadores el\u00e9ctricos.<\/li>\n<li>Recuerde la incompatibilidad de cobre y acero galvanizado y cerci\u00f3rese del material de los serpentines de los calentadores, en caso de sustituci\u00f3n, y su compatibilidad electrol\u00edtica con la red.<\/li>\n<li>La coloraci\u00f3n anormal del agua y ruidos extra\u00f1os en la red son s\u00edntomas frecuentes de anomal\u00edas por corrosi\u00f3n electrol\u00edtica.<\/li>\n<li>No modifique la situaci\u00f3n de los calentadores de gas ni los conductos de evacuaci\u00f3n de gas.<\/li>\n<li>Mantenga siempre libres las rejillas de ventilaci\u00f3n.<\/li>\n<\/ul>\n<p><strong>Mantenimiento<\/strong><\/p>\n<p><em>Cada d\u00eda.<\/em><\/p>\n<ul>\n<li>Verificar el cierre y apertura de gas autom\u00e1tico de los calentadores instant\u00e1neos de gas.<\/li>\n<\/ul>\n<p><em>Cada 6 meses.<\/em><\/p>\n<ul>\n<li>Revisi\u00f3n de cierre de grifos y llaves de la instalaci\u00f3n.<\/li>\n<\/ul>\n<p><em>Cada a\u00f1o.<\/em><\/p>\n<ul>\n<li>Limpieza de filtro de gas en calentadores de este tipo.<\/li>\n<li>Limpieza de quemadores en calentadores de gas.<\/li>\n<\/ul>\n<p><em>Cada 2 a\u00f1os.<\/em><\/p>\n<ul>\n<li>Revisi\u00f3n completa de la instalaci\u00f3n, reparando todas aquellas tuber\u00edas y accesorios que presenten mal estado o funcionamiento deficiente.<\/li>\n<li>Revisi\u00f3n y reglaje de calentadores de gas.<\/li>\n<\/ul>\n<p><em>Cada 4 a\u00f1os.<\/em><\/p>\n<ul>\n<li>Efectuar prueba de estanqueidad y funcionamiento.<\/li>\n<\/ul>\n","protected":false},"excerpt":{"rendered":"<p>Descripci\u00f3n Instalaci\u00f3n interior particular de agua caliente para uso en cocinas y aseos, desde el [&hellip;]<\/p>\n","protected":false},"author":1,"featured_media":0,"parent":0,"menu_order":0,"comment_status":"closed","ping_status":"closed","template":"","meta":{"footnotes":""},"class_list":["post-1210","page","type-page","status-publish","hentry"],"_links":{"self":[{"href":"https:\/\/ciudadexpo.com\/ciudad\/wp-json\/wp\/v2\/pages\/1210","targetHints":{"allow":["GET"]}}],"collection":[{"href":"https:\/\/ciudadexpo.com\/ciudad\/wp-json\/wp\/v2\/pages"}],"about":[{"href":"https:\/\/ciudadexpo.com\/ciudad\/wp-json\/wp\/v2\/types\/page"}],"author":[{"embeddable":true,"href":"https:\/\/ciudadexpo.com\/ciudad\/wp-json\/wp\/v2\/users\/1"}],"replies":[{"embeddable":true,"href":"https:\/\/ciudadexpo.com\/ciudad\/wp-json\/wp\/v2\/comments?post=1210"}],"version-history":[{"count":2,"href":"https:\/\/ciudadexpo.com\/ciudad\/wp-json\/wp\/v2\/pages\/1210\/revisions"}],"predecessor-version":[{"id":1446,"href":"https:\/\/ciudadexpo.com\/ciudad\/wp-json\/wp\/v2\/pages\/1210\/revisions\/1446"}],"wp:attachment":[{"href":"https:\/\/ciudadexpo.com\/ciudad\/wp-json\/wp\/v2\/media?parent=1210"}],"curies":[{"name":"wp","href":"https:\/\/api.w.org\/{rel}","templated":true}]}}